{"id":291,"date":"2021-04-12T18:14:44","date_gmt":"2021-04-12T16:14:44","guid":{"rendered":"https:\/\/tyfencitacouture.com\/?post_type=product&#038;p=291"},"modified":"2023-09-23T13:21:23","modified_gmt":"2023-09-23T11:21:23","slug":"charlotte-pour-plat-a-cakes","status":"publish","type":"product","link":"https:\/\/tyfencitacouture.com\/index.php\/produit\/charlotte-pour-plat-a-cakes\/","title":{"rendered":"Charlotte pour plat \u00e0 cakes"},"content":{"rendered":"<p><span style=\"font-weight: 400;\">Ce couvre plat \u00e9galement appel\u00e9 charlotte est une solution alternative pour tous ceux qui souhaitent se passer du film \u00e9tirable ou du papier aluminium. Selon les mod\u00e8les (ronds ou rectangulaires) il\u00a0 s&rsquo;adapte \u00e0 tous les plats. Ainsi vous allez pouvoir conserver vos aliments au r\u00e9frig\u00e9rateur en respectant la plan\u00e8te avec cette Charlotte alimentaire en coton enduit.<\/span><\/p>\n","protected":false},"excerpt":{"rendered":"<p>Ce couvre plat \u00e9galement appel\u00e9 charlotte est une solution alternative pour tous ceux qui souhaitent se passer du film \u00e9tirable ou du papier aluminium. Selon les mod\u00e8les (ronds ou rectangulaires) il\u00a0 s&rsquo;adapte \u00e0 tous les plats. Ainsi vous allez pouvoir conserver vos aliments au r\u00e9frig\u00e9rateur en respectant la plan\u00e8te avec cette Charlotte alimentaire en coton &hellip;<\/p>\n<p class=\"read-more\"> <a class=\"\" href=\"https:\/\/tyfencitacouture.com\/index.php\/produit\/charlotte-pour-plat-a-cakes\/\"> <span class=\"screen-reader-text\">Charlotte pour plat \u00e0 cakes<\/span> Lire la suite\u00a0\u00bb<\/a><\/p>\n","protected":false},"featured_media":158,"comment_status":"open","ping_status":"closed","template":"","meta":{"site-sidebar-layout":"default","site-content-layout":"","ast-site-content-layout":"default","site-content-style":"default","site-sidebar-style":"default","ast-global-header-display":"","ast-banner-title-visibility":"","ast-main-header-display":"","ast-hfb-above-header-display":"","ast-hfb-below-header-display":"","ast-hfb-mobile-header-display":"","site-post-title":"","ast-breadcrumbs-content":"","ast-featured-img":"","footer-sml-layout":"","theme-transparent-header-meta":"default","adv-header-id-meta":"","stick-header-meta":"","header-above-stick-meta":"","header-main-stick-meta":"","header-below-stick-meta":"","astra-migrate-meta-layouts":"set"},"product_cat":[18],"product_tag":[],"_links":{"self":[{"href":"https:\/\/tyfencitacouture.com\/index.php\/wp-json\/wp\/v2\/product\/291"}],"collection":[{"href":"https:\/\/tyfencitacouture.com\/index.php\/wp-json\/wp\/v2\/product"}],"about":[{"href":"https:\/\/tyfencitacouture.com\/index.php\/wp-json\/wp\/v2\/types\/product"}],"replies":[{"embeddable":true,"href":"https:\/\/tyfencitacouture.com\/index.php\/wp-json\/wp\/v2\/comments?post=291"}],"wp:featuredmedia":[{"embeddable":true,"href":"https:\/\/tyfencitacouture.com\/index.php\/wp-json\/wp\/v2\/media\/158"}],"wp:attachment":[{"href":"https:\/\/tyfencitacouture.com\/index.php\/wp-json\/wp\/v2\/media?parent=291"}],"wp:term":[{"taxonomy":"product_cat","embeddable":true,"href":"https:\/\/tyfencitacouture.com\/index.php\/wp-json\/wp\/v2\/product_cat?post=291"},{"taxonomy":"product_tag","embeddable":true,"href":"https:\/\/tyfencitacouture.com\/index.php\/wp-json\/wp\/v2\/product_tag?post=291"}],"curies":[{"name":"wp","href":"https:\/\/api.w.org\/{rel}","templated":true}]}}